{"id":1019,"date":"2024-10-30T22:47:24","date_gmt":"2024-10-31T01:47:24","guid":{"rendered":"https:\/\/costaofertasuy.com\/?post_type=product&#038;p=1019"},"modified":"2026-04-15T08:13:27","modified_gmt":"2026-04-15T11:13:27","slug":"kit-taladro-atornillador-12v-hogar-powertools-con-accesorios","status":"publish","type":"product","link":"https:\/\/costaofertasuy.com\/index.php\/product\/kit-taladro-atornillador-12v-hogar-powertools-con-accesorios\/","title":{"rendered":"Kit Taladro Atornillador 12v Hogar Powertools Con Accesorios"},"content":{"rendered":"<p>Este taladro atornillador 12V es perfecto para trabajos en el hogar, como armar muebles o perforar madera, pl\u00e1stico y hierro.<\/p>\n<p>Es una herramienta vers\u00e1til que te permite realizar m\u00faltiples tareas sin esfuerzo.<\/p>\n<p>Adem\u00e1s, viene con un pr\u00e1ctico malet\u00edn que te ayudar\u00e1 a mantener todas tus mechas y accesorios organizados, listo para cualquier proyecto.<\/p>\n<p>Caracter\u00edsticas principales:<\/p>\n<p>-Mandril de 10 mm<\/p>\n<p>-2 velocidades mec\u00e1nicas y 18 posiciones de torque para adaptarse a diferentes materiales<\/p>\n<p>-Reversa y velocidad variable en el gatillo<\/p>\n<p>-Luz de trabajo integrada<\/p>\n<p>-Empu\u00f1adura de goma para un mejor agarre<\/p>\n<p>-Velocidad sin carga: 0-350\/0-1450r\/min<\/p>\n<p>-Par m\u00e1ximo de 30 N.m<\/p>\n<p>-1 Bater\u00eda de 12V con cargador<\/p>\n<p>Incluye malet\u00edn con accesorios:<\/p>\n<p>-Extensor flexible<\/p>\n<p>-Tubos de 4-12 mm<\/p>\n<p>-Set de puntas philips, paleta, torx y adaptador<\/p>\n<p>-Punta doble ph paleta de 65 mm<\/p>\n<p>-Punta philips de 100 mm<\/p>\n<p>-Mechas de hierro y mecha diamante para mamposter\u00eda<\/p>\n<p>\u00a1Haz tus proyectos m\u00e1s f\u00e1ciles y mant\u00e9n todo organizado con este completo set de herramientas!<\/p>\n","protected":false},"excerpt":{"rendered":"<p>Kit Taladro 12v<\/p>\n","protected":false},"featured_media":1025,"template":"","meta":{"site-sidebar-layout":"default","site-content-layout":"","ast-site-content-layout":"default","site-content-style":"default","site-sidebar-style":"default","ast-global-header-display":"","ast-banner-title-visibility":"","ast-main-header-display":"","ast-hfb-above-header-display":"","ast-hfb-below-header-display":"","ast-hfb-mobile-header-display":"","site-post-title":"","ast-breadcrumbs-content":"","ast-featured-img":"","footer-sml-layout":"","theme-transparent-header-meta":"default","adv-header-id-meta":"","stick-header-meta":"","header-above-stick-meta":"","header-main-stick-meta":"","header-below-stick-meta":"","astra-migrate-meta-layouts":"set","ast-page-background-enabled":"default","ast-page-background-meta":{"desktop":{"background-color":"var(--ast-global-color-4)","background-image":"","background-repeat":"repeat","background-position":"center center","background-size":"auto","background-attachment":"scroll","background-type":"","background-media":"","overlay-type":"","overlay-color":"","overlay-opacity":"","overlay-gradient":""},"tablet":{"background-color":"","background-image":"","background-repeat":"repeat","background-position":"center center","background-size":"auto","background-attachment":"scroll","background-type":"","background-media":"","overlay-type":"","overlay-color":"","overlay-opacity":"","overlay-gradient":""},"mobile":{"background-color":"","background-image":"","background-repeat":"repeat","background-position":"center center","background-size":"auto","background-attachment":"scroll","background-type":"","background-media":"","overlay-type":"","overlay-color":"","overlay-opacity":"","overlay-gradient":""}},"ast-content-background-meta":{"desktop":{"background-color":"var(--ast-global-color-5)","background-image":"","background-repeat":"repeat","background-position":"center center","background-size":"auto","background-attachment":"scroll","background-type":"","background-media":"","overlay-type":"","overlay-color":"","overlay-opacity":"","overlay-gradient":""},"tablet":{"background-color":"var(--ast-global-color-5)","background-image":"","background-repeat":"repeat","background-position":"center center","background-size":"auto","background-attachment":"scroll","background-type":"","background-media":"","overlay-type":"","overlay-color":"","overlay-opacity":"","overlay-gradient":""},"mobile":{"background-color":"var(--ast-global-color-5)","background-image":"","background-repeat":"repeat","background-position":"center center","background-size":"auto","background-attachment":"scroll","background-type":"","background-media":"","overlay-type":"","overlay-color":"","overlay-opacity":"","overlay-gradient":""}},"_joinchat":[]},"product_brand":[],"product_cat":[23,33],"product_tag":[],"class_list":{"0":"post-1019","1":"product","2":"type-product","3":"status-publish","4":"has-post-thumbnail","6":"product_cat-herramientas","7":"product_cat-power-tools","8":"desktop-align-left","9":"tablet-align-left","10":"mobile-align-left","12":"first","13":"instock","14":"sale","15":"taxable","16":"shipping-taxable","17":"purchasable","18":"product-type-simple"},"jetpack_sharing_enabled":true,"_links":{"self":[{"href":"https:\/\/costaofertasuy.com\/index.php\/wp-json\/wp\/v2\/product\/1019","targetHints":{"allow":["GET"]}}],"collection":[{"href":"https:\/\/costaofertasuy.com\/index.php\/wp-json\/wp\/v2\/product"}],"about":[{"href":"https:\/\/costaofertasuy.com\/index.php\/wp-json\/wp\/v2\/types\/product"}],"wp:featuredmedia":[{"embeddable":true,"href":"https:\/\/costaofertasuy.com\/index.php\/wp-json\/wp\/v2\/media\/1025"}],"wp:attachment":[{"href":"https:\/\/costaofertasuy.com\/index.php\/wp-json\/wp\/v2\/media?parent=1019"}],"wp:term":[{"taxonomy":"product_brand","embeddable":true,"href":"https:\/\/costaofertasuy.com\/index.php\/wp-json\/wp\/v2\/product_brand?post=1019"},{"taxonomy":"product_cat","embeddable":true,"href":"https:\/\/costaofertasuy.com\/index.php\/wp-json\/wp\/v2\/product_cat?post=1019"},{"taxonomy":"product_tag","embeddable":true,"href":"https:\/\/costaofertasuy.com\/index.php\/wp-json\/wp\/v2\/product_tag?post=1019"}],"curies":[{"name":"wp","href":"https:\/\/api.w.org\/{rel}","templated":true}]}}