{"id":719,"date":"2024-03-13T07:30:47","date_gmt":"2024-03-13T10:30:47","guid":{"rendered":"https:\/\/costaofertasuy.com\/?post_type=product&#038;p=719"},"modified":"2026-04-15T08:13:25","modified_gmt":"2026-04-15T11:13:25","slug":"amoladora-inalambrica-equus-brushless-20v-1-bateria-4-amper","status":"publish","type":"product","link":"https:\/\/costaofertasuy.com\/index.php\/product\/amoladora-inalambrica-equus-brushless-20v-1-bateria-4-amper\/","title":{"rendered":"Amoladora Inal\u00e1mbrica Equus Brushless 20v 1 Bater\u00eda 4 Amper"},"content":{"rendered":"<p>Amoladora inal\u00e1mbrica Equus para dejar de depender de los cables ya andar enredado en ellos. Una versi\u00f3n mas practica de una herramienta muy \u00fatil y vers\u00e1til en los talleres, obras , casas, etc.<\/p>\n<p>Con su bater\u00eda de 4 ampers puedes trabajar por un rato largo sin tener que recargar.<\/p>\n<p>El motor es sin carbones (brushless) asegurando una mayor durabilidad de la herramienta.<\/p>\n<p>Especificaciones:<\/p>\n<p>Motor Brushless<\/p>\n<p>Bater\u00eda 20v 4.0Ah.<\/p>\n<p>Incluye 1 malet\u00edn ,1 cargador r\u00e1pido y 1 Bater\u00eda 4000mAh<\/p>\n<p>Bater\u00eda litio compatible con todas las herramientas de la misma l\u00ednea<\/p>\n<p>Velocidad: 0-7000rpm<\/p>\n<p>Tama\u00f1o de disco: 125mm<\/p>\n<p>Luz Led<\/p>\n<p>Mango Soft grip para asegurar un mejor agarre<\/p>\n<p>Rosca M14<\/p>\n<p>1 A\u00f1o de Garant\u00eda<\/p>\n<p>Peso 3 Kg<\/p>\n","protected":false},"excerpt":{"rendered":"<p>Amoladora Inal\u00e1mbrica Equus<\/p>\n","protected":false},"featured_media":721,"template":"","meta":{"site-sidebar-layout":"default","site-content-layout":"","ast-site-content-layout":"default","site-content-style":"default","site-sidebar-style":"default","ast-global-header-display":"","ast-banner-title-visibility":"","ast-main-header-display":"","ast-hfb-above-header-display":"","ast-hfb-below-header-display":"","ast-hfb-mobile-header-display":"","site-post-title":"","ast-breadcrumbs-content":"","ast-featured-img":"","footer-sml-layout":"","theme-transparent-header-meta":"default","adv-header-id-meta":"","stick-header-meta":"","header-above-stick-meta":"","header-main-stick-meta":"","header-below-stick-meta":"","astra-migrate-meta-layouts":"set","ast-page-background-enabled":"default","ast-page-background-meta":{"desktop":{"background-color":"var(--ast-global-color-4)","background-image":"","background-repeat":"repeat","background-position":"center center","background-size":"auto","background-attachment":"scroll","background-type":"","background-media":"","overlay-type":"","overlay-color":"","overlay-opacity":"","overlay-gradient":""},"tablet":{"background-color":"","background-image":"","background-repeat":"repeat","background-position":"center center","background-size":"auto","background-attachment":"scroll","background-type":"","background-media":"","overlay-type":"","overlay-color":"","overlay-opacity":"","overlay-gradient":""},"mobile":{"background-color":"","background-image":"","background-repeat":"repeat","background-position":"center center","background-size":"auto","background-attachment":"scroll","background-type":"","background-media":"","overlay-type":"","overlay-color":"","overlay-opacity":"","overlay-gradient":""}},"ast-content-background-meta":{"desktop":{"background-color":"var(--ast-global-color-5)","background-image":"","background-repeat":"repeat","background-position":"center center","background-size":"auto","background-attachment":"scroll","background-type":"","background-media":"","overlay-type":"","overlay-color":"","overlay-opacity":"","overlay-gradient":""},"tablet":{"background-color":"var(--ast-global-color-5)","background-image":"","background-repeat":"repeat","background-position":"center center","background-size":"auto","background-attachment":"scroll","background-type":"","background-media":"","overlay-type":"","overlay-color":"","overlay-opacity":"","overlay-gradient":""},"mobile":{"background-color":"var(--ast-global-color-5)","background-image":"","background-repeat":"repeat","background-position":"center center","background-size":"auto","background-attachment":"scroll","background-type":"","background-media":"","overlay-type":"","overlay-color":"","overlay-opacity":"","overlay-gradient":""}},"_joinchat":[]},"product_brand":[],"product_cat":[23],"product_tag":[],"class_list":{"0":"post-719","1":"product","2":"type-product","3":"status-publish","4":"has-post-thumbnail","6":"product_cat-herramientas","7":"desktop-align-left","8":"tablet-align-left","9":"mobile-align-left","11":"first","12":"instock","13":"sale","14":"taxable","15":"shipping-taxable","16":"purchasable","17":"product-type-simple"},"jetpack_sharing_enabled":true,"_links":{"self":[{"href":"https:\/\/costaofertasuy.com\/index.php\/wp-json\/wp\/v2\/product\/719","targetHints":{"allow":["GET"]}}],"collection":[{"href":"https:\/\/costaofertasuy.com\/index.php\/wp-json\/wp\/v2\/product"}],"about":[{"href":"https:\/\/costaofertasuy.com\/index.php\/wp-json\/wp\/v2\/types\/product"}],"wp:featuredmedia":[{"embeddable":true,"href":"https:\/\/costaofertasuy.com\/index.php\/wp-json\/wp\/v2\/media\/721"}],"wp:attachment":[{"href":"https:\/\/costaofertasuy.com\/index.php\/wp-json\/wp\/v2\/media?parent=719"}],"wp:term":[{"taxonomy":"product_brand","embeddable":true,"href":"https:\/\/costaofertasuy.com\/index.php\/wp-json\/wp\/v2\/product_brand?post=719"},{"taxonomy":"product_cat","embeddable":true,"href":"https:\/\/costaofertasuy.com\/index.php\/wp-json\/wp\/v2\/product_cat?post=719"},{"taxonomy":"product_tag","embeddable":true,"href":"https:\/\/costaofertasuy.com\/index.php\/wp-json\/wp\/v2\/product_tag?post=719"}],"curies":[{"name":"wp","href":"https:\/\/api.w.org\/{rel}","templated":true}]}}